lculate the remainder when 97238 is divided by 520.
518
What is the remainder when 648503 is divided by 154?
9
What is the remainder when 79871 is divided by 64?
63
What is the remainder when 40081 is divided by 20027?
27
What is the remainder when 316221 is divided by 2325?
21
Calculate the remainder when 560986 is divided by 29525.
11
What is the remainder when 21711 is divided by 75?
36
What is the remainder when 7469 is divided by 437?
40
Calculate the remainder when 6897 is divided by 766.
3
Calculate the remainder when 114191 is divided by 345.
341
Calculate the remainder when 610 is divided by 116.
30
Calculate the remainder when 68148 is divided by 562.
146
What is the remainder when 23693 is divided by 400?
93
What is the remainder when 141187 is divided by 15682?
49
What is the remainder when 11400 is divided by 146?
12
Calculate the remainder when 110228 is divided by 265.
253
Calculate the remainder when 113319 is divided by 101.
98
Calculate the remainder when 278624 is divided by 347.
330
Calculate the remainder when 66333 is divided by 55.
3
Calculate the remainder when 101027 is divided by 24.
11
What is the remainder when 33711 is divided by 49?
48
What is the remainder when 172996 is divided by 25?
21
Calculate the remainder when 17509 is divided by 344.
309
Calculate the remainder when 301265 is divided by 164.
161
Calculate the remainder when 19917 is divided by 4969.
41
Calculate the remainder when 246721 is divided by 82231.
28
What is the remainder when 24830 is divided by 24683?
147
What is the remainder when 16674 is divided by 12?
6
What is the remainder when 62935 is divided by 27?
25
Calculate the remainder when 815 is divided by 602.
213
What is the remainder when 1607 is divided by 128?
71
Calculate the remainder when 978 is divided by 121.
10
What is the remainder when 15659 is divided by 3?
2
Calculate the remainder when 53150 is divided by 4825.
75
What is the remainder when 11910 is divided by 3967?
9
Calculate the remainder when 21307 is divided by 7.
6
Calculate the remainder when 44802 is divided by 7.
2
Calculate the remainder when 108225 is divided by 8320.
65
Calculate the remainder when 909227 is divided by 227304.
11
What is the remainder when 47301 is divided by 1478?
5
Calculate the remainder when 1298945 is divided by 644.
641
Calculate the remainder when 123932 is divided by 1511.
30
What is the remainder when 190338 is divided by 924?
918
What is the remainder when 3629998 is divided by 75?
73
What is the remainder when 666 is divided by 201?
63
What is the remainder when 79000 is divided by 378?
376
What is the remainder when 171808 is divided by 46?
44
Calculate the remainder when 80116 is divided by 39.
10
Calculate the remainder when 17131 is divided by 24.
19
Calculate the remainder when 668 is divided by 134.
132
What is the remainder when 29338 is divided by 113?
71
Calculate the remainder when 4334 is divided by 7.
1
What is the remainder when 4928 is divided by 1059?
692
What is the remainder when 12173 is divided by 10?
3
Calculate the remainder when 1374223 is divided by 13.
6
What is the remainder when 624567 is divided by 11?
9
Calculate the remainder when 15795 is divided by 55.
10
What is the remainder when 5203 is divided by 313?
195
What is the remainder when 11673 is divided by 1026?
387
What is the remainder when 1163 is divided by 347?
122
Calculate the remainder when 779 is divided by 569.
210
What is the remainder when 6054 is divided by 124?
102
Calculate the remainder when 108760 is divided by 406.
358
What is the remainder when 437607 is divided by 87?
84
Calculate the remainder when 59567 is divided by 29779.
9
What is the remainder when 9485 is divided by 3147?
44
What is the remainder when 4881 is divided by 242?
41
What is the remainder when 7608 is divided by 1848?
216
What is the remainder when 2859 is divided by 1393?
73
Calculate the remainder when 660 is divided by 52.
36
What is the remainder when 2149210 is divided by 897?
895
Calculate the remainder when 99941 is divided by 16.
5
What is the remainder when 10607 is divided by 16?
15
What is the remainder when 15403 is divided by 497?
493
What is the remainder when 467751 is divided by 14?
11
Calculate the remainder when 19165 is divided by 664.
573
What is the remainder when 193522 is divided by 236?
2
What is the remainder when 7975 is divided by 7973?
2
What is the remainder when 8886 is divided by 13?
7
Calculate the remainder when 667318 is divided by 46.
42
What is the remainder when 23516 is divided by 80?
76
Calculate the remainder when 74971 is divided by 112.
43
Calculate the remainder when 408033 is divided by 187.
186
Calculate the remainder when 7963 is divided by 915.
643
Calculate the remainder when 292798 is divided by 610.
608
What is the remainder when 1951 is divided by 737?
477
What is the remainder when 177019 is divided by 44237?
71
Calculate the remainder when 67978 is divided by 38.
34
Calculate the remainder when 160027 is divided by 161.
154
Calculate the remainder when 1585 is divided by 53.
48
Calculate the remainder when 4542 is divided by 1509.
15
What is the remainder when 115999 is divided by 400?
399
What is the remainder when 26600 is divided by 436?
4
Calculate the remainder when 508001 is divided by 26.
13
Calculate the remainder when 95885 is divided by 9.
8
Calculate the remainder when 39777 is divided by 1518.
309
Calculate the remainder when 898 is divided by 126.
16
Calculate the remainder when 100298 is divided by 16714.
14
Calculate the remainder when 24512 is divided by 4866.
182
Calculate the remainder when 16118 is divided by 365.
58
What is the remainder when 858 is divided by 464?
394
Calculate the remainder when 18994 is divided by 899.
115
What is the remainder when 53814 is divided by 5?
4
Calculate the remainder when 2533 is divided by 254.
247
Calculate the remainder when 13379 is divided by 203.
184
What is the remainder when 8983 is divided by 240?
103
What is the remainder when 267547 is divided by 101?
99
What is the remainder when 12581 is divided by 96?
5
Calculate the remainder when 36448 is divided by 90.
88
Calculate the remainder when 13709 is divided by 159.
35
Calculate the remainder when 1343 is divided by 442.
17
Calculate the remainder when 656 is divided by 33.
29
What is the remainder when 104501 is divided by 4540?
81
Calculate the remainder when 180246 is divided by 106.
46
What is the remainder when 3469 is divided by 135?
94
Calculate the remainder when 51266 is divided by 7.
5
Calculate the remainder when 7527 is divided by 2460.
147
What is the remainder when 828 is divided by 8?
4
What is the remainder when 5034 is divided by 1611?
201
Calculate the remainder when 43920 is divided by 24.
0
What is the remainder when 4489 is divided by 1236?
781
What is the remainder when 104863 is divided by 73?
35
Calculate the remainder when 5587 is divided by 619.
16
Calculate the remainder when 349 is divided by 11.
8
What is the remainder when 4962 is divided by 15?
12
Calculate the remainder when 59630 is divided by 93.
17
Calculate the remainder when 1001 is divided by 148.
113
Calculate the remainder when 1124 is divided by 144.
116
Calculate the remainder when 2532 is divided by 231.
222
Calculate the remainder when 4744 is divided by 809.
699
What is the remainder when 19994 is divided by 77?
51
Calculate the remainder when 3849 is divided by 1553.
743
Calculate the remainder when 1570 is divided by 143.
140
Calculate the remainder when 34764 is divided by 80.
44
What is the remainder when 222270 is divided by 111128?
14
What is the remainder when 9016 is divided by 3000?
16
Calculate the remainder when 878 is divided by 856.
22
Calculate the remainder when 181 is divided by 133.
48
Calculate the remainder when 14270 is divided by 14261.
9
What is the remainder when 337 is divided by 225?
112
What is the remainder when 5343 is divided by 149?
128
Calculate the remainder when 23498 is divided by 11745.
8
Calculate the remainder when 9563 is divided by 380.
63
What is the remainder when 16358 is divided by 32?
6
Calculate the remainder when 953280 is divided by 45.
0
Calculate the remainder when 2572 is divided by 833.
73
What is the remain